git of x(-16)?
7
Let r = -225 + 227. Suppose 3 = z, -3*z = 5*x + 41 - 365. Suppose x = o + r*o. What is the tens digit of o?
2
Let j(u) = 6*u + 3. Let s be j(-5). Suppose 5*l + 5*h - 250 = 0, 2*l + 58 = 3*l + 5*h. Let q = l + s. What is the tens digit of q?
2
Let r be -1 - (-1 + -12)*1. Let j = r - 12. What is the units digit of (j - 6/9)*-3?
2
Let k(q) = q**3 + 9*q**2 - q + 40. What is the hundreds digit of k(-8)?
1
Suppose 5*x + 7*z - 5733 = 9*z, 5*z = 4*x - 4600. What is the units digit of x?
5
Let n be (-30)/(-12)*12/15. Suppose k - 1 = -n. What is the tens digit of (k + 3)/((-8)/(-60))?
1
Suppose -5*l + 13911 = 3*r, -2*l = -5*l + 3*r + 8337. What is the hundreds digit of l?
7
Let y(p) = -2*p**2 + 15*p**3 + 18*p**3 - 6*p - 34*p**3. What is the units digit of y(-4)?
6
Let l = -32 + 91. Suppose -4*x - l = -5*x. What is the units digit of x?
9
Let s(b) = -6*b - 30. Let o be s(-5). Suppose -10*c + 1067 - 57 = o. What is the tens digit of c?
0
Suppose -54 - 84 = 2*g. Suppose 2*q - 123 = 5*q. Let n = q - g. What is the tens digit of n?
2
Let g(d) = 2*d**2 + 8*d - 10. Let y be (-9)/((3/(-5))/((-4)/(-10))). What is the tens digit of g(y)?
1
Let g be ((-3)/12)/((-1)/20). Suppose 0 = -2*f + 4*r + 94, -g*f + r + 217 = -0*r. What is the units digit of f?
3
Suppose 275*i + 85 = 280*i. What is the units digit of i?
7
Let q(g) = -2*g + 26. Let t be q(11). Suppose 17 = t*p - 3. What is the units digit of p?
5
What is the tens digit of (-5684)/(-10) - (320/50 + -6)?
6
Let k = 19 + -5. Let i = -12 + k. Suppose i*d - 5 = 29. What is the tens digit of d?
1
Let k(q) = 4*q**2 + 11 + 38*q - 2 - 51*q - q**2. What is the hundreds digit of k(-6)?
1
Let k = 250 + 660. What is the units digit of k?
0
Let a be -1 + 0 + (-5)/(-5). Suppose a = -f + 4*l - 15 + 51, -f - 5*l = 0. What is the units digit of f?
0
Suppose 4*x + 4*h - 8092 = 0, -22*h + 27*h + 25 = 0. What is the tens digit of x?
2
Let t(w) = -w**3 - 7*w**2 - w - 9. Let b be t(-7). Let s(i) be the first derivative of 10*i**3/3 - 3*i**2/2 - 2*i - 1. What is the units digit of s(b)?
4
Let n(c) = c. Let u(j) = 3*j + 21. Let s(b) = 2*n(b) - u(b). Let a be s(-11). Let r = a + 30. What is the tens digit of r?
2
Let p(i) = -673*i + 379. What is the hundreds digit of p(-3)?
3
Let h be (3*(-2)/6)/1. What is the tens digit of (0 + -1)*27/h?
2
Suppose 42*q - 48*q = -7038. What is the hundreds digit of q?
1
Let v(k) = 61*k + 35. What is the units digit of v(32)?
7
Suppose -4*g - 110 = 5*m, -5*g - 48 - 92 = 5*m. Let p = 42 + g. What is the units digit of p?
2
Suppose 0 = -5*f + 4*i - 9*i + 15, 0 = 4*f + 2*i - 12. Suppose 0 = f*w - 3*q - 558, -w + 2*q + q + 192 = 0. What is the units digit of w?
3
Suppose 0 = -2*z - 3*z - 2225. What is the tens digit of z/(-4) - (-9)/12?
1
Suppose -4*x + 4*m + 2780 = 7*m, 695 = x - 2*m. What is the units digit of x?
5
Suppose 0 = 107*d + 14113 - 366678. What is the thousands digit of d?
3
What is the units digit of 3 + 18085/15 + 60/45?
0
Let a(k) = k**2 - 11*k + 30. Let f be a(7). Suppose -2*b + 2*l + 80 = -b, f*l - 424 = -5*b. What is the units digit of b?
4
Suppose -10585 + 1018 = -9*v. What is the thousands digit of v?
1
Suppose 35*p - 21*p = 7056. What is the tens digit of p?
0
Let t(l) = -l**3 + 3*l**2. Let y be t(2). Suppose -28 = -y*v + 4. Suppose -v*f + 184 = -4*f. What is the tens digit of f?
4
Let j = 16 - 33. Let i(o) = o**3 + 17*o**2 - o - 15. Let a be i(j). What is the tens digit of a/((-20)/(-115))*2?
2
Let b(a) = a - 3. Suppose 0*y - 6 = -2*y. Let p be b(y). Suppose w + p*w - 24 = -s, 2*w = 5*s - 120. What is the units digit of s?
4
Let k be 16 + (0 - -1) - (0 - -2). Let h = 17 - k. What is the units digit of h?
2
Suppose -50 = -5*l + 4*b, -1 = 4*l - 0*b + 5*b. Let v(f) = f + 24. Let y be v(0). Suppose -s = 2*n - y, -l*n + 2*n - 12 = 0. What is the tens digit of s?
3
What is the tens digit of (-2)/(-9) + 43714/198?
2
What is the hundreds digit of (-3)/51 - (-57127)/119?
4
What is the hundreds digit of (((-4560)/(-9))/10)/(2/9)?
2
Let w = 1247 + 327. What is the tens digit of w?
7
Suppose -130 = -4*y - y. Suppose 4*u - 37 = 5*v + 5, 3*v - y = -4*u. Suppose -6*l + 4*l + u = 0. What is the units digit of l?
4
Let m be -1 + -1 + 56 + -2 + 2. Suppose p = 6*p + 185. Let c = p + m. What is the units digit of c?
7
Let p = 39 - 39. Suppose c - 15*c + 1610 = p. What is the hundreds digit of c?
1
Suppose 0 = w - 3, -5*j + 0*w + 5*w + 225 = 0. Let h be 4/(-20) + j/(-10). Let n = h + 17. What is the tens digit of n?
1
Let x(m) = -m**3 + 22*m**2 + 18*m - 70. What is the tens digit of x(21)?
4
Suppose 9*k - 1294 - 14375 = 0. What is the thousands digit of k?
1
What is the hundreds digit of (-2)/(-1*(-10)/(-2985))?
5
Let i = 53 + -27. Let t = -36 + i. What is the units digit of ((-1)/(-2))/(t/(-40))?
2
Let j = 42 - -258. What is the hundreds digit of j?
3
Let v(p) = 48*p + 111. Let b(r) = -7*r - 16. Let l(y) = -15*b(y) - 2*v(y). What is the tens digit of l(7)?
8
Suppose -6*v = 4*v - 360. Suppose -u = u - v. What is the tens digit of u?
1
Let y = -425 + 2367. What is the tens digit of y?
4
Let s(m) = 32*m + 8 - 3 - 1. Let u(g) = 48*g + 6. Let v(h) = -8*s(h) + 5*u(h). What is the units digit of v(-2)?
0
Let p(x) = x**3 + x**2 - x + 1. Let n(z) = -69*z**3 - 5*z**2 + 5*z - 5. Let o(i) = -n(i) - 4*p(i). What is the tens digit of o(1)?
6
Suppose 0*w - 5*w - 5*u + 25 = 0, 3*w - 4*u - 1 = 0. Let r(d) = 5*d + 3. Let l be r(w). Suppose -3*b + 4*b = l. What is the tens digit of b?
1
Suppose 136 = -6*k + 124. Let o(b) be the third derivative of -b**6/120 - b**4/24 + b**3/3 + b**2. What is the units digit of o(k)?
2
Let v = 120 + -79. Suppose -s + v = 6. What is the tens digit of s?
3
Let v = 1164 - 606. What is the units digit of v?
8
Let j(p) = -2*p + 9. Let m be j(-7). Suppose 0 = -3*b + 2*a - 31, 4*b - 2*a = -3*a - m. Let s(y) = y**2 + 4*y - 4. What is the units digit of s(b)?
7
Let w(o) = o + 13. Suppose -4 = 2*i - i, 0 = -5*y - i - 49. Let a be w(y). Suppose 0*u + 4*u = n + 144, a*n = -4*u + 164. What is the tens digit of u?
3
Suppose -a + 7763 = 3*i, -i + 7*a - 2*a + 2609 = 0. What is the units digit of i?
9
What is the hundreds digit of (-1 - 0)*2 + 1580/2?
7
Let h = 7 + -1. Let v be 0/6 + h/2. What is the units digit of (-8 + v)*16/(-20)?
4
Let s(w) = -w**3 + 11*w**2 + 7*w. Let g be s(7). Suppose 4*n + 5*f - 196 = 0, -n - g = -6*n + 3*f. What is the tens digit of n?
4
Let q = 1101 + -628. What is the hundreds digit of q?
4
Suppose 61*h = 59*h + 812. What is the units digit of h?
6
Let t be 24/11 - (-10)/(-55). What is the tens digit of 61 + 1*t/(-2)?
6
Let m be (-1 - (4 - 1)) + -99. Let s be 2 + (-1 + m)/4. Let b = -2 - s. What is the units digit of b?
2
Suppose 2*t + 3*c = 1391, 0 = -t - 2*c - 59 + 753. Let v = t - 385. What is the hundreds digit of v?
3
Let t(x) = -x**2 - 20*x + 18. What is the tens digit of t(-15)?
9
Suppose -91 = -60*y + 59*y. What is the units digit of y?
1
Suppose 3*b - 12 = y - 1, 2*y = -5*b + 33. Suppose y*w = -w + 150. What is the tens digit of w?
3
Let c(l) = 4*l**2 - 22*l + 33. What is the hundreds digit of c(-7)?
3
Suppose -2*h = s - 1 - 5, -2*h = -2. Suppose 4*m - 4 = s. Let p = m - -4. What is the units digit of p?
6
Let a be 1/(-3) + 63/27. Suppose -3*n = 2*r + 13, -7*r - 20 = 5*n - a*r. Let q(f) = -f. What is the units digit of q(n)?
5
Let g be (-2)/(-8) + (-304)/(-64). Let q(a) = 3*a**2 + g - 10*a**3 - 7*a**2 + 9*a**3. What is the units digit of q(-4)?
5
Suppose -418 = 6*o - 25*o. What is the units digit of o?
2
Let w = 1353 - 789. What is the hundreds digit of w?
5
Suppose -2*g = -g + i + 13, -g - 3*i = 11. Let p(j) = -j**2 - 15*j + 11. What is the units digit of p(g)?
5
Suppose -3*d = 2*b - 1064, 4*d = 3*b - 1645 + 83. What is the hundreds digit of b?
5
What is the units digit of (-1 + 5)/(7/210)?
0
Let w = -4 - -11. Let r be w + -2 - (2 + -3). Suppose -r*t + 50 = -t. What is the units digit of t?
0
Let q(u) = u**2 + 11*u + 7. Let t be q(-10). Let z be 2 + -2 + t + 4. What is the tens digit of z/(2 + 35/(-18))?
1
Let y be 114/22 + (-4)/22. Suppose 0 = -y*s + 5 + 50. Suppose -r + 15 + s = 0. What is the units digit of r?
6
Let t = -11106 - -16361. What is the tens digit of t?
5
Let z = 3156 - 793. What is the thousands digit of z?
2
Suppose -63 = -4*o + 34